ens digit of 8920976601?
0
What is the ten thousands digit of 762155496?
5
What is the hundreds digit of 6647975220?
2
What is the ten millions digit of 345358983?
4
What is the thousands digit of 222859728?
9
What is the thousands digit of 25879708?
9
What is the millions digit of 256232127?
6
What is the ten thousands digit of 100971761?
7
What is the hundreds digit of 1230499077?
0
What is the hundred millions digit of 5648815488?
6
What is the thousands digit of 103152166?
2
What is the hundred thousands digit of 174983933?
9
What is the hundreds digit of 38745960?
9
What is the millions digit of 5129450?
5
What is the thousands digit of 442389663?
9
What is the hundreds digit of 331117343?
3
What is the units digit of 75120509?
9
What is the thousands digit of 686689620?
9
What is the ten thousands digit of 429133075?
3
What is the hundreds digit of 595125429?
4
What is the units digit of 387147619?
9
What is the hundreds digit of 98777693?
6
What is the thousands digit of 386350358?
0
What is the thousands digit of 5847901808?
1
What is the tens digit of 1437215973?
7
What is the tens digit of 13482238?
3
What is the hundred thousands digit of 88104927?
1
What is the hundred millions digit of 5738446081?
7
What is the units digit of 56521453?
3
What is the hundred thousands digit of 158527368?
5
What is the tens digit of 449157050?
5
What is the hundred millions digit of 577521978?
5
What is the units digit of 240161679?
9
What is the ten thousands digit of 196173670?
7
What is the hundred thousands digit of 53724586?
7
What is the hundreds digit of 272064720?
7
What is the hundred thousands digit of 38373484?
3
What is the millions digit of 7786231448?
6
What is the ten thousands digit of 77715109?
1
What is the units digit of 192047313?
3
What is the billions digit of 1278475953?
1
What is the ten thousands digit of 138928480?
2
What is the hundred millions digit of 106065461?
1
What is the hundred millions digit of 467542562?
4
What is the billions digit of 1797543384?
1
What is the ten millions digit of 5289977242?
8
What is the hundreds digit of 605810297?
2
What is the hundred thousands digit of 1968734764?
7
What is the units digit of 27274827?
7
What is the ten thousands digit of 5079740777?
4
What is the hundred thousands digit of 102342751?
3
What is the millions digit of 16390694?
6
What is the ten millions digit of 644586372?
4
What is the millions digit of 222862123?
2
What is the millions digit of 69082028?
9
What is the hundred millions digit of 337256133?
3
What is the tens digit of 119531221?
2
What is the thousands digit of 23843693?
3
What is the units digit of 23081185?
5
What is the ten millions digit of 60730112?
6
What is the thousands digit of 213665423?
5
What is the millions digit of 3334597096?
4
What is the hundreds digit of 74025932?
9
What is the thousands digit of 183035539?
5
What is the thousands digit of 157460473?
0
What is the thousands digit of 763542955?
2
What is the units digit of 27370030?
0
What is the ten millions digit of 32736272?
3
What is the millions digit of 4435616117?
5
What is the millions digit of 49993127?
9
What is the units digit of 62959938?
8
What is the hundreds digit of 24227755?
7
What is the ten millions digit of 1278351807?
7
What is the ten millions digit of 3347078498?
4
What is the billions digit of 2846379637?
2
What is the millions digit of 433759801?
3
What is the tens digit of 82001562?
6
What is the hundred millions digit of 207549451?
2
What is the millions digit of 497054387?
7
What is the ten millions digit of 60236444?
6
What is the ten millions digit of 739216273?
3
What is the units digit of 44509928?
8
What is the millions digit of 1052154792?
2
What is the millions digit of 568452768?
8
What is the billions digit of 6380889027?
6
What is the thousands digit of 251443889?
3
What is the hundred millions digit of 327765068?
3
What is the units digit of 253216695?
5
What is the ten millions digit of 21662028?
2
What is the tens digit of 907964055?
5
What is the units digit of 236990951?
1
What is the hundred thousands digit of 122851251?
8
What is the hundreds digit of 921301?
3
What is the thousands digit of 13594470?
4
What is the hundreds digit of 56206431?
4
What is the hundred thousands digit of 279326619?
3
What is the ten thousands digit of 519598208?
9
What is the hundred millions digit of 1725603739?
7
What is the tens digit of 11496904?
0
What is the hundred millions digit of 216499661?
2
What is the hundred thousands digit of 410215147?
2
What is the tens digit of 281757391?
9
What is the ten millions digit of 535090615?
3
What is the hundred thousands digit of 48031696?
0
What is the ten thousands digit of 7936799?
3
What is the ten millions digit of 877325878?
7
What is the hundred millions digit of 368343523?
3
What is the units digit of 357589292?
2
What is the thousands digit of 631292307?
2
What is the units digit of 57158722?
2
What is the thousands digit of 678833154?
3
What is the hundred thousands digit of 745813796?
8
What is the hundred millions digit of 3309294392?
3
What is the units digit of 37308049?
9
What is the ten millions digit of 3007893385?
0
What is the tens digit of 27866307?
0
What is the hundred thousands digit of 14773446?
7
What is the millions digit of 12266610?
2
What is the hundreds digit of 290132157?
1
What is the hundred thousands digit of 120959848?
9
What is the ten thousands digit of 375698077?
9
What is the ten millions digit of 3758580221?
5
What is the thousands digit of 263695247?
5
What is the hundred millions digit of 3295960079?
2
What is the hundred thousands digit of 718005964?
0
What is the hundred millions digit of 633485070?
6
What is the tens digit of 364839029?
2
What is the tens digit of 1156876586?
8
What is the hundreds digit of 6544727228?
2
What is the ten millions digit of 396026001?
9
What is the tens digit of 2774776162?
6
What is the tens digit of 45381935?
3
What is the hundred thousands digit of 63753163?
7
What is the thousands digit of 42758584?
8
What is the hundreds digit of 4508657534?
5
What is the ten millions digit of 1377293716?
7
What is the hundreds digit of 51188429?
4
What is the billions digit of 1523567962?
1
What is the tens digit of 383369416?
1
What is the thousands digit of 121533337?
3
What is the thousands digit of 2173989008?
9
What is the hundred thousands digit of 38705344?
7
What is the tens digit of 3930577780?
8
What is the hundred millions digit of 1674898828?
6
What is the units digit of 64210459?
9
What is the hundreds digit of 75682229?
2
What is the hundreds digit of 28485843?
8
What is the ten millions digit of 8783326795?
8
What is the millions digit of 797076627?
7
What is the ten millions digit of 2968511574?
6
What is the ten millions digit of 3043896951?
4
What is the units digit of 2323641471?
1
What is the hundred millions digit of 479281252?
4
What is the millions digit of 81931711?
1
What is the ten millions digit of 422440494?
2
What is the units digit of 313603643?
3
What is the tens digit of 1451185876?
7
What is the ten millions digit of 648172315?
4
What is the tens digit of 139671607?
0
What is the tens digit of 325154813?
1
What is the thousands digit of 235113928?
3
What is the thousands digit of 633247965?
7
What is the hundreds digit of 85948453?
4
What is the tens digit of 6049709979?
7
What is the thousands digit of 929767?
9
What is the units digit of 257558993?
3
What is the ten millions digit of 23022798?
2
What is the thousands digit of 3010809055?
9
What is the ten millions digit of 51320361?
5
What is the ten thousands digit of 575085990?
8
What is the ten millions digit of 985950425?
8
What is the thousands digit of 39900714?
0
What is the tens digit of 2531482798?
9
What is the thousands digit of 229681051?
1
What is the millions digit of 449845084?
9
What is the hundred millions digit of 395243737?
3
What is the units digit of 99782990?
0
What is the thousands digit of 444359025?
9
What is the ten thousands digit of 99105336?
0
What is the ten millions digit of 156610128?
5
What is the units digit of 8497451?
1
What is the millions digit of 71798016?
1
What is the tens digit of 79731223?
2
What is the millions digit of 28820